ide 49889?
False
Is 16 a factor of 8622361?
False
Is 10 a factor of 339414?
False
Is 47670 a multiple of 632?
False
Does 8 divide 884316?
False
Is 364 a factor of 469635?
False
Does 23 divide 412170?
False
Is 6 a factor of 42144?
True
Does 38 divide 3167072?
True
Is 46 a factor of 2855122?
False
Is 1254 a factor of 7649587?
False
Is 59727 a multiple of 42?
False
Is 9 a factor of 4485849?
False
Is 187 a factor of 6156601?
True
Is 234886 a multiple of 220?
False
Is 120 a factor of 8437680?
True
Is 1399 a multiple of 3?
False
Is 4 a factor of 134021?
False
Is 430730 a multiple of 6?
False
Is 412 a factor of 1220344?
True
Does 2 divide 2965629?
False
Is 140 a factor of 551600?
True
Is 21002 a multiple of 5?
False
Does 9 divide 5151072?
False
Is 24208 a multiple of 17?
True
Is 29 a factor of 131573?
True
Is 5557747 a multiple of 247?
True
Does 34 divide 50068?
False
Is 239 a factor of 2919737?
False
Is 110192 a multiple of 8?
True
Is 77 a factor of 241087?
True
Is 8059 a multiple of 100?
False
Is 88548 a multiple of 37?
False
Is 16492 a multiple of 19?
True
Is 416 a factor of 1936896?
True
Is 56 a factor of 350504?
True
Is 306432 a multiple of 224?
True
Is 6125642 a multiple of 110?
False
Does 11 divide 131967?
True
Is 11709144 a multiple of 1436?
True
Is 55 a factor of 27207?
False
Is 246624 a multiple of 42?
True
Is 354700 a multiple of 50?
True
Does 16 divide 887168?
True
Is 27 a factor of 9311868?
True
Is 136 a factor of 1865897?
False
Is 4861246 a multiple of 154?
False
Does 9 divide 48474?
True
Is 460 a factor of 6399060?
True
Does 960 divide 10924678?
False
Is 308395 a multiple of 94?
False
Is 272 a factor of 3622768?
True
Does 32 divide 2953870?
False
Is 147715 a multiple of 11?
False
Is 501 a factor of 115498?
False
Is 26019 a multiple of 59?
True
Does 312 divide 193153?
False
Is 12 a factor of 361503?
False
Is 708568 a multiple of 14?
True
Does 2 divide 4001448?
True
Is 34 a factor of 15911422?
True
Is 2606500 a multiple of 125?
True
Does 353 divide 193111?
False
Is 2 a factor of 2315332?
True
Does 559 divide 131601?
False
Is 16904002 a multiple of 765?
False
Does 669 divide 1527327?
True
Is 75 a factor of 173306?
False
Is 16825104 a multiple of 34?
True
Does 35 divide 3535?
True
Is 2630952 a multiple of 12?
True
Is 1223073 a multiple of 467?
True
Does 68 divide 1829543?
False
Is 494754 a multiple of 78?
True
Does 93 divide 167493?
True
Does 72 divide 877933?
False
Is 4344340 a multiple of 620?
True
Does 3 divide 177653?
False
Is 154 a factor of 2482326?
True
Is 2493384 a multiple of 552?
True
Does 82 divide 414674?
True
Does 14 divide 396325?
False
Does 15 divide 84645?
True
Is 407301 a multiple of 201?
False
Is 2851148 a multiple of 232?
False
Is 128 a factor of 8064?
True
Is 10 a factor of 183?
False
Is 244 a factor of 230580?
True
Is 129 a factor of 56502?
True
Is 72330 even?
True
Is 34 a factor of 89386?
True
Is 165414 a multiple of 316?
False
Does 321 divide 653686?
False
Is 299230 a multiple of 31?
False
Is 75951 a multiple of 8?
False
Does 2 divide 1860?
True
Does 480 divide 1285920?
True
Is 94 a factor of 11128002?
True
Is 90 a factor of 21960?
True
Does 1009 divide 925635?
False
Does 3 divide 80430?
True
Does 150 divide 30789150?
True
Is 115002 a multiple of 6?
True
Does 17 divide 171020?
True
Is 6 a factor of 6846?
True
Does 20 divide 65680?
True
Does 2 divide 9854?
True
Does 11 divide 704972?
False
Is 1192827 a multiple of 3?
True
Is 1599598 a multiple of 13?
True
Is 14 a factor of 1485638?
True
Is 20 a factor of 273640?
True
Does 40 divide 67863?
False
Is 7 a factor of 796054?
True
Is 203 a factor of 109214?
True
Is 1261923 a multiple of 247?
True
Is 173693 a multiple of 13?
True
Is 869 a factor of 933306?
True
Is 9548568 a multiple of 527?
False
Is 559 a factor of 3990142?
True
Is 6 a factor of 83180?
False
Is 29237 a multiple of 85?
False
Does 473 divide 1743951?
True
Does 630 divide 5488406?
False
Is 29 a factor of 353075?
True
Is 234 a factor of 128362?
False
Does 1953 divide 15587057?
False
Is 765312 a multiple of 408?
False
Is 13 a factor of 133705?
True
Is 304 a factor of 797392?
True
Is 1339296 a multiple of 84?
True
Does 61 divide 377956?
True
Is 333 a factor of 9310014?
True
Is 14 a factor of 28640?
False
Is 955505 a multiple of 395?
True
Is 6219040 a multiple of 855?
False
Is 34 a factor of 1637576?
True
Is 10 a factor of 94206?
False
Is 330083 a multiple of 196?
False
Is 60 a factor of 2470260?
True
Does 96 divide 1815360?
True
Is 16860670 a multiple of 18?
False
Is 266 a factor of 896053?
False
Does 11 divide 278374?
False
Is 459 a factor of 714663?
True
Is 1196679 a multiple of 14?
False
Does 4 divide 2238?
False
Is 547237 a multiple of 13?
False
Does 172 divide 615244?
True
Is 188553 a multiple of 42?
False
Is 1180 a multiple of 10?
True
Is 96021 a multiple of 35?
False
Is 5356159 a multiple of 37?
False
Does 355 divide 1581659?
False
Does 102 divide 2722686?
True
Is 1151073 a multiple of 63?
True
Does 69 divide 110626?
False
Is 44 a factor of 171864?
True
Is 202 a factor of 371393?
False
Is 60760 a multiple of 124?
True
Is 17307 a multiple of 9?
True
Does 18 divide 5394?
False
Is 115 a factor of 742788?
False
Does 12 divide 89389?
False
Is 1172 a factor of 15334448?
True
Is 16919 a multiple of 247?
False
Does 5 divide 85476?
False
Is 130 a factor of 7898670?
True
Does 72 divide 327096?
True
Does 103 divide 8642346?
False
Is 7067818 a multiple of 587?
False
Is 1201354 a multiple of 36?
False
Is 1646400 a multiple of 735?
True
Is 49 a factor of 53494?
False
Is 19 a factor of 166922?
False
Is 200894 a multiple of 60?
False
Does 214 divide 7366522?
True
Does 847 divide 775227?
False
Is 1727052 a multiple of 6?
True
Does 27 divide 13608189?
True
Does 820 divide 4755500?
False
Is 146390 a multiple of 47?
False
Is 1371 a factor of 11589519?
False
Is 40547 a multiple of 24?
False
Is 58 a factor of 23205?
False
Does 27 divide 71913?
False
Is 2118893 a multiple of 719?
True
Does 53 divide 1115650?
True
Is 1058715 a multiple of 21?
True
Is 50 a factor of 678553?
False
Does 14 divide 4359?
False
Is 3 a factor of 1423738?
False
Is 20 a factor of 412000?
True
Does 153 divide 4561057?
False
Does 11 divide 309499?
False
Is 149 a factor of 924565?
False
Is 28944 a multiple of 16?
True
Is 10620917 a multiple of 381?
False
Does 640 divide 782861?
False
Is 227520 a multiple of 288?
True
Is 354 a factor of 1045280?
False
Is 121824 a multiple of 288?
True
Does 24 divide 1303421?
False
Is 95 a factor of 1050225?
True
Is 34132 a multiple of 161?
True
Is 14287635 a multiple of 37?
False
Is 120 a factor of 155652?
False
Does 72 divide 311832?
True
Is 243243 a multiple of 91?
True
Is 8142127 a multiple of 2322?
False
Is 18 a factor of 566795?
False
Is 17 a factor of 1394258?
False
Does 28 divide 858927?
False
Does 135 divide 460755?
True
Is 599165 a multiple of 7?
True
Is 37647 a multiple of 47?
True
Is 2926224 a multiple of 126?
True
Is 181197 a multiple of 23?
False
Is 1934199 a multiple of 81?
True
Does 367 divide 396584?
False
Is 710 a factor of 222940?
True
Is 15 a factor of 70780?
False
Does 19 divide 92451?
False
Does 317 divide 7223?
False
Is 64 a factor of 7301832?
False
Is 169469 a multiple of 4?
False
Is 255 a factor of 85425?
True
Is 824 a factor of 2734032?
True
Is 531320 a multiple of 359?
True
Is 190971 a multiple of 297?
True
Is 405 a factor of 207765?
True
Does 560 divide 216720?
True
Does 7 divide 73163?
False
Is 148 a factor of 191808?
True
Is 16 a factor of 203925?
False
Is 15 a factor of 4149734?
False
Is 78416 a multiple of 8?
True
Is 232163 a multiple of 271?
False
Is 171774 a multiple of 10?
False
Is 2028816 a multiple of 148?
False
Is 7 a factor of 1442747?
False
Is 50241 a multiple of 335?
False
Is 5 a factor of 1515010?
True
Is 10390139 a multiple of 11?
False
Does 18 divide 42769332?
True
Does 48 divide 428160?
True
Is 22 a factor of 3654288?
True
Is 1791695 a multiple of 9?
False
Does 10 divide 74065?
False
Is 294 a factor of 421302?
True
Is 129 a factor of 11253869?
False
Is 5637492 a multiple of 12?
True
Does 26 divide 90298?
True
Is 18192 a multiple of 3?
True
Does 2 divide 35587?
False
Is 6 a factor of 2829605?
False
Does 138 divide 1036932?
True
Is 316 a factor of 308100?
True
Is 1302078 a multiple